In base 9, what is -2 + -105?
-107
In base 13, what is -91 + -8?
-99
In base 10, what is -10 - 63?
-73
In base 3, what is 12 + 222201?
222220
In base 6, what is -1 + -54234?
-54235
In base 13, what is -23 - -c5?
a2
In base 9, what is 210 - -2?
212
In base 12, what is 34 + 11?
45
In base 10, what is -7459 - 1?
-7460
In base 12, what is 32 + -3?
2b
In base 2, what is 1 + 100?
101
In base 10, what is -1 + 1016?
1015
In base 5, what is 21 + -1312?
-1241
In base 3, what is -10020112210 + 12?
-10020112121
In base 9, what is -6528 - 0?
-6528
In base 3, what is 11 + -20111?
-20100
In base 11, what is -3775 - 2?
-3777
In base 3, what is 10 - 200200?
-200120
In base 9, what is -3 + -748?
-752
In base 8, what is -17 + 22?
3
In base 4, what is -122011 + -30?
-122101
In base 2, what is 101010 - 111?
100011
In base 8, what is -130 - 4?
-134
In base 2, what is -111 + 100000?
11001
In base 2, what is -110001110 - 11111?
-110101101
In base 3, what is 10 + 10121?
10201
In base 11, what is 10a4 + 5?
10a9
In base 15, what is -d + -8?
-16
In base 3, what is 10 + -2102?
-2022
In base 5, what is 4 - 212?
-203
In base 9, what is -1001 + 10?
-881
In base 7, what is 5 + 125?
133
In base 4, what is -10 - 1002?
-1012
In base 2, what is 1 + -10010111?
-10010110
In base 10, what is -5 + 31?
26
In base 13, what is 0 + 3b?
3b
In base 9, what is -4 + 452?
447
In base 14, what is 2 + 778?
77a
In base 6, what is -2 + -41020?
-41022
In base 14, what is 3 - 2b?
-28
In base 2, what is -11010110 - 11?
-11011001
In base 12, what is -240 - 6?
-246
In base 14, what is 5 - 29?
-24
In base 13, what is 11 + 14?
25
In base 10, what is -15 - -120?
105
In base 15, what is -7 - -10?
8
In base 2, what is -10 + 101101?
101011
In base 3, what is -111210 - 12?
-111222
In base 9, what is -118 + -1?
-120
In base 11, what is 130a + 1?
1310
In base 11, what is -172 + 16?
-157
In base 15, what is 10a + -2?
108
In base 13, what is 0 + -83?
-83
In base 5, what is 20 - -4?
24
In base 15, what is -1db - -a?
-1d1
In base 7, what is -6 + -33?
-42
In base 16, what is -37b + 7?
-374
In base 10, what is 4 - 5?
-1
In base 13, what is 2 - -307?
309
In base 4, what is -13 - 11?
-30
In base 6, what is 424 - -1?
425
In base 7, what is 35 - 12?
23
In base 3, what is 201 - 2?
122
In base 10, what is -206 + -18?
-224
In base 16, what is -4 + 567?
563
In base 5, what is -303 - -14?
-234
In base 5, what is -1230204 + 4?
-1230200
In base 6, what is -52 - -12?
-40
In base 16, what is 1 + -2b6?
-2b5
In base 9, what is -25 - -148?
123
In base 11, what is 5 - 1219?
-1214
In base 13, what is 9 + -5?
4
In base 13, what is -3c + 1?
-3b
In base 15, what is -15 + 1ea?
1d5
In base 5, what is -3 - -2213?
2210
In base 4, what is -13013 + -1?
-13020
In base 13, what is -7 + 203?
1c9
In base 3, what is 1 + 2200?
2201
In base 4, what is -10 - 330?
-1000
In base 11, what is 630 + 8?
638
In base 11, what is -6 - 38?
-43
In base 4, what is -10 + 200?
130
In base 2, what is 1 + 10001111100?
10001111101
In base 2, what is -110001110 - 11?
-110010001
In base 9, what is -1 - 24?
-25
In base 11, what is 897 - 2?
895
In base 6, what is 2010 - -2?
2012
In base 8, what is 254 + -45?
207
In base 9, what is 112 + 24?
136
In base 5, what is 13 - -131?
144
In base 9, what is 174 - 35?
138
In base 2, what is 1101001111 + -101101?
1100100010
In base 16, what is 3a - -23?
5d
In base 5, what is -3202 + -12?
-3214
In base 12, what is -1b03 + -2?
-1b05
In base 3, what is 1120 - -110?
2000
In base 16, what is 5 - 39?
-34
In base 5, what is 11420 - 4?
11411
In base 5, what is 12 + 430?
442
In base 2, what is -11001 - -10001010?
1110001
In base 9, what is 26 - 101?
-64
In base 13, what is -5 + -232?
-237
In base 4, what is 2322311 - -1?
2322312
In base 12, what is 1a4 - 5?
19b
In base 11, what is 5 - 28?
-23
In base 2, what is -1 + -11101?
-11110
In base 15, what is -6 + -d4?
-da
In base 13, what is 5 + -31b?
-316
In base 16, what is a8 - -4?
ac
In base 13, what is 49 - 1?
48
In base 14, what is 64 + a1?
125
In base 4, what is 2 - 331?
-323
In base 12, what is -1603 + 2?
-1601
In base 9, what is -747 + 4?
-743
In base 8, what is 5 + -60?
-53
In base 6, what is -34405 + -2?
-34411
In base 7, what is 0 - 21?
-21
In base 16, what is 56 - -1?
57
In base 5, what is 0 + 301?
301
In base 5, what is -124303 - -4?
-124244
In base 2, what is 1100010 + -11?
1011111
In base 9, what is 5 + -4274?
-4268
In base 9, what is -318 + -47?
-366
In base 9, what is 11 - 4062?
-4051
In base 15, what is a + -c4?
-b9
In base 7, what is 332 + 4?
336
In base 5, what is -344 - -10?
-334
In base 10, what is 5 + 50?
55
In base 12, what is 5 + -53?
-4a
In base 9, what is -30 - -2?
-27
In base 4, what is 12 + -102?
-30
In base 11, what is -2 + 13?
11
In base 14, what is -126 - -6?
-120
In base 13, what is -3 + 92?
8c
In base 14, what is 1 - -3b4?
3b5
In base 5, what is -43430 - -13?
-43412
In base 14, what is a0 + 4?
a4
In base 14, what is 16a + -2?
168
In base 8, what is 1 + -663?
-662
In base 13, what is 65 + 4?
69
In base 11, what is 1063 - 1?
1062
In base 9, what is 3 + 13?
16
In base 2, what is 111100 - -10010?
1001110
In base 9, what is 6818 - 7?
6811
In base 5, what is -11 + 12111?
12100
In base 11, what is -458 - 0?
-458
In base 13, what is 4 + -aa?
-a6
In base 12, what is 4 - 174?
-170
In base 15, what is 4 + -142?
-13d
In base 8, what is 5 + -16?
-11
In base 7, what is -5 - -133?
125
In base 10, what is -39 + -8?
-47
In base 16, what is 4 - 3e?
-3a
In base 11, what is 180 - -4?
184
In base 7, what is -12415 - -4?
-12411
In base 12, what is -2 - -691?
68b
In base 8, what is -477 + -1?
-500
In base 5, what is -444 - -10?
-434
In base 5, what is 10 + 11?
21
In base 9, what is -270 + -41?
-321
In base 5, what is 1223 - 10?
1213
In base 7, what is -1 - -442?
441
In base 8, what is -21 - 1331?
-1352
In base 8, what is -3216 - -2?
-3214
In base 11, what is -76a6 - -2?
-76a4
In base 12, what is 24 + -21?
3
In base 9, what is 4272 + 1?
4273
In base 10, what is -5 + -114?
-119
In base 5, what is 122 + 20?
142
In base 4, what is 102 - 210?
-102
In base 13, what is a08 + -5?
a03
In base 5, what is -121 + 2?
-114
In base 9, what is -47 - -30?
-17
In base 2, what is 1000000011 + 0?
1000000011
In base 13, what is -142 + -9?
-14b
In base 2, what is -1101001 + -11?
-1101100
In base 2, what is 1000111 - -11?
1001010
In base 3, what is -1010 + 2212?
1202
In base 15, what is a6 - 14?
92
In base 15, what is -83 - -3c?
-46
In base 5, what is -120441 - 0?
-120441
In base 2, what is 111 - 1001111001?
-1001110010
In base 10, what is -460 + -2?
-462
In base 7, what is 123 + 1?
124
In base 9, what is -686 + -10?
-706
In base 6, what is -100 + -112?
-212
In base 6, what is -11513 + -1?
-11514
In base 13, what is 752 - 2?
750
In base 2, what is -1001001 + 0?
-1001001
In base 3, what is 22112 + -11012?
11100
In base 9, what is -5 + 611?
605
In base 4, what is -331001 - 3?
-331010
In base 7, what is -31 + -344?
-405
In base 14, what is 846 + 2?
848
In base 6, what is 0 + -45534?
-45534
In base 9, what is 345 + -13?
332
In base 3, what is 1 + -1212?
-1211
In base 13, what is -4 + -17?
-1b
In base 10, what is -61 + -84?
-145
In base 4, what is 2 + -1020?
-1012
In base 12, what is -130 - -33?
-b9
In base 16, what is -23 + 6?
-1d
In base 11, what is 8 - 6a?
-62
In base 10, what is 4 + -53?
-49
In base 14, what is -6 + -1a?
-22
In base 2, what is 11001 - 1001011?
-110010
In base 7, what is 4 - 25443?
-25436
In base 7, what is 2 + -145?
-143
In base 14, what is -13dad + 5?
-13da8
In base 15, what is -2 - -7?
5
In base 14, what is -13 - -a3?
90
In base 16, what is -8f + 1b?
-74
In base 5, what is 2101 + -20?
2031
In base 3, what is 112 - 1?
111
In base 4, what is 111 - -20?
131
In base 15, what is -c - 325?
-332
In base 6, what is 0 - 53?
-53
In base 11, what is -7 - -150?
144
In base 2, what is -11101 + 1110?
-1111
In base 9, what is -1377 - -4?
-1373
In base 10, what is -417 + 2?
-415
In base 6, what is 22445 - 0?
22445
In base 8, what is 13 - -40?
53
In base 15, what is 1 - -130?
131
In base 5, what is 144001 - 10?
143441
In base 5, what is -223 + -22?
-300
In base 9, what is 12 - 7?
4
In base 9, what is 311 + 4?
315
In base 14, what is -13 - 22?
-35
In base 13, what is -1c6 + -1?
-1c7
In base 12, what is -5 